*3 - 7*z**2 - 9. What is k(6)?
-45
Let h(v) = -3*v + 26. Calculate h(11).
-7
Let b(n) = -n**3 + n**2 + n - 19. What is b(0)?
-19
Let k(q) = 4*q**2 + 4. Give k(-3).
40
Let x(h) = h**3 - 14. Calculate x(0).
-14
Let n(p) = p**2 + 4*p + 23. Calculate n(-3).
20
Let n(j) = -j**3 + 4*j**2 + 5*j - 3. What is n(5)?
-3
Let l(o) = o**2 - 8*o - 3. Calculate l(9).
6
Let q(x) = x**3 - 35*x**2 + 2*x - 65. Calculate q(35).
5
Let v(c) = -16*c - 7. Give v(-2).
25
Let t(q) = q**2 - 8*q + 8. Give t(9).
17
Let b(o) = -2*o**2 - 17*o - 18. Determine b(-7).
3
Let k(f) = f - 73. Determine k(0).
-73
Let d(a) = -20*a**3 + a + 1. Determine d(-1).
20
Let q(y) = -y**2 - 6*y - 12. Calculate q(0).
-12
Let f(t) = t**2 + t - 3. Give f(-4).
9
Let x(b) = -b**2 + 4*b. Calculate x(5).
-5
Let i(s) = -s**2 + 2*s - 1. Calculate i(0).
-1
Let s(b) = 4*b + 95. Calculate s(-21).
11
Let d(i) = -i**2 + 14*i - 6. Calculate d(14).
-6
Let q(h) = 2*h**2 - 7*h. What is q(6)?
30
Let w(c) = 2*c - 26. Calculate w(31).
36
Let z(a) = a**3 - 6*a**2 - 7*a + 4. What is z(6)?
-38
Let c(g) = -2*g + 25. What is c(6)?
13
Let w(r) = -5*r + 20. What is w(4)?
0
Let m(o) = -5*o**2 - 2*o + 2. Give m(-3).
-37
Let w(c) = 18*c - 69. Give w(4).
3
Let u(y) = -6*y + 116. Give u(18).
8
Let k(m) = -m**3 - 57*m**2 - 2*m - 112. What is k(-57)?
2
Let q(y) = y**3 - 14*y**2 + 14*y - 1. Determine q(13).
12
Let d(n) = 10*n**3 + n**2 - 1. Determine d(1).
10
Let a(h) = 2*h + 66. What is a(-38)?
-10
Let v(n) = -n**2 - 17*n - 21. What is v(-14)?
21
Let g(b) = -b**3 - 8*b**2 + b + 9. Calculate g(-8).
1
Let a(h) = -h**3 - 5*h**2 + h - 12. Give a(-4).
-32
Let y(a) = -a**3 - 17*a**2 - a - 15. What is y(-17)?
2
Let m(u) = u**3 - 2*u**2 - u - 2. Calculate m(3).
4
Let o(u) = -u**3 + 7*u**2 - 10*u + 1. What is o(4)?
9
Let g(z) = z**3 - 7*z**2 - 12*z + 30. Give g(8).
-2
Let y(s) = 14*s + 124. Determine y(-13).
-58
Let v(t) = -17*t + 14. Give v(4).
-54
Let i(w) = -6*w + 13. Give i(9).
-41
Let k(r) = 2*r**2 - 2*r + 5. Calculate k(5).
45
Let w(b) = 3*b**2 + 10. Calculate w(-4).
58
Let x(i) = 7*i - 62. What is x(11)?
15
Let x(j) = -3*j**2 + 2*j. Give x(2).
-8
Let j(a) = a + 2. Determine j(0).
2
Let r(q) = 26*q + 149. Give r(-6).
-7
Let o(f) = -4*f - 14. Calculate o(-4).
2
Let l(w) = w**3 - 4*w**2 + 5*w - 1. Calculate l(3).
5
Let c(b) = -11*b - 4. Give c(-6).
62
Let i(k) = -k**3 - k + 42. Determine i(0).
42
Let l(t) = t**3 - 9*t**2 - 3*t + 30. Determine l(9).
3
Let r(i) = -6*i**2 - 2*i + 1. Give r(-3).
-47
Let k(m) = -m**2 - 40*m - 114. What is k(-37)?
-3
Let i(n) = -16*n + 93. Determine i(6).
-3
Let x(u) = u**3 - 9*u**2 + 15*u - 3. Determine x(7).
4
Let f(j) = -j**3 - 10*j**2 - 17*j - 4. Determine f(-8).
4
Let g(o) = o**2 - 1. What is g(0)?
-1
Let s(z) = 6*z - 160. Calculate s(28).
8
Let s(q) = -50*q + 408. Give s(8).
8
Let v(n) = -n**2 - 2*n + 9. What is v(0)?
9
Let s(a) = a**2 + 15*a - 10. Calculate s(-19).
66
Let r(y) = y - 13. Give r(6).
-7
Let w(o) = -2*o**3 - 7*o**2 - 7*o - 7. Determine w(-4).
37
Let n(f) = f**3 + 13*f**2 - f - 11. Give n(-13).
2
Let r(w) = w - 7. Calculate r(-6).
-13
Let b(l) = l**2 - 8*l + 9. What is b(8)?
9
Let i(k) = 28*k - 640. Determine i(23).
4
Let j(a) = -a**3 + 3*a**2 - 8*a + 2. What is j(3)?
-22
Let h(n) = n**3 + 21*n**2 + 21*n + 14. Calculate h(-20).
-6
Let n(b) = b**3 - 7*b**2 - 6*b - 17. Determine n(8).
-1
Let q(p) = 2*p + 3. Give q(7).
17
Let s(k) = -12*k. Give s(4).
-48
Let o(w) = -w**2 + 5*w - 5. Give o(3).
1
Let p(n) = -2*n + 37. Give p(11).
15
Let r(n) = 7*n - 6. What is r(2)?
8
Let c(m) = m**3 + 7*m**2 + 7*m - 11. Give c(-6).
-17
Let v(n) = n**3 - 6*n**2 + n - 8. Give v(6).
-2
Let u(i) = i - 6. Calculate u(-2).
-8
Let h(l) = 6*l + 30. Calculate h(-4).
6
Let w(z) = z**3 + z**2 - 4*z - 2. Calculate w(-3).
-8
Let w(r) = 5*r - 2. Determine w(0).
-2
Let r(l) = -l**2 + 2*l + 1. Give r(2).
1
Let j(d) = -d**3 - 3*d**2 - 2*d - 15. Give j(-5).
45
Let f(w) = -w**3 - 42*w**2 + 41*w - 93. What is f(-43)?
-7
Let l(w) = -w + 22. What is l(-2)?
24
Let p(b) = b**2. Calculate p(-9).
81
Let h(o) = o**3 - 3*o**2 - 7*o. Determine h(5).
15
Let d(o) = 14*o - 9. Give d(1).
5
Let o(v) = -17*v - 1. What is o(1)?
-18
Let o(n) = -4*n + 29. Determine o(7).
1
Let v(j) = 2*j + 8. Calculate v(5).
18
Let j(c) = c + 5. Give j(5).
10
Let v(z) = -z - 16. Calculate v(-13).
-3
Let u(c) = 2*c - 31. Give u(27).
23
Let f(c) = -c**3 - 10*c**2 - 2*c + 4. What is f(-9)?
-59
Let k(c) = c**2 - 17*c + 53. Give k(4).
1
Let i(q) = q**3 - 4*q**2 - 10*q - 4. Calculate i(6).
8
Let x(z) = 2*z**3 + z**2 - 2*z - 2. Give x(-2).
-10
Let t(u) = -56*u**2 + 2*u + 2. Calculate t(-1).
-56
Let v(g) = -27*g + 4. What is v(-2)?
58
Let i(q) = 3*q + 4. What is i(6)?
22
Let j(p) = -p**2 + 7*p + 62. Calculate j(12).
2
Let f(j) = -j**2 + 8. Calculate f(4).
-8
Let m(i) = -27*i**3 - 2*i - 1. What is m(-1)?
28
Let g(c) = 2*c**3 + 12*c**2 - 2*c + 30. What is g(-6)?
42
Let n(q) = 2*q**3 - q**2 + 4*q + 1. Give n(-4).
-159
Let l(k) = k**3 + 2*k**2 - 2*k - 5. Calculate l(-4).
-29
Let n(s) = s**3 + 7*s**2 + 9*s - 6. Calculate n(-4).
6
Let f(l) = -l**3 - 2*l**2. What is f(2)?
-16
Let d(m) = -2*m**2 - 1. Determine d(-2).
-9
Let l(p) = -14*p + 250. Give l(18).
-2
Let z(t) = 2*t**3 + 3*t**2 - 9*t - 2. What is z(-4)?
-46
Let w(a) = -a**2 - 17*a - 38. Determine w(-4).
14
Let y(n) = 2*n**3 + 3*n**2. Give y(-2).
-4
Let k(o) = -o**3 - 13*o**2 - o - 9. Give k(-13).
4
Let q(y) = 2*y**3 + 8*y**2 - 9*y + 11. What is q(-5)?
6
Let k(v) = 5*v - 179. Give k(37).
6
Let c(x) = -x**3 - 5*x**2 + 5*x - 13. Determine c(-6).
-7
Let m(t) = 8*t - 68. What is m(8)?
-4
Let o(a) = a**3 - 22*a**2 + 21*a - 5. Give o(21).
-5
Let q(i) = -2*i**2 - 2. Calculate q(-3).
-20
Let k(y) = -y**2 - 44*y - 231. What is k(-6)?
-3
Let x(z) = -z - 1. What is x(3)?
-4
Let t(b) = -b**3 - 17*b**2 - 17*b - 31. Determine t(-16).
-15
Let v(g) = g**2 + 16*g - 2. Calculate v(-16).
-2
Let c(a) = 3*a - 6. Determine c(-6).
-24
Let r(l) = -16*l + 258. Determine r(17).
-14
Let r(c) = -7*c + 5. What is r(7)?
-44
Let c(g) = -g**3 - 5*g**2 - 5*g - 1. What is c(-4)?
3
Let c(d) = -d**3 - 18*d**2 - 21*d - 66. Calculate c(-17).
2
Let q(v) = -v**2 + 11*v + 30. Calculate q(15).
-30
Let b(z) = -z**3 + 16*z**2 - 29*z + 9. Calculate b(14).
-5
Let c(l) = -3*l**2 - 50*l + 7. What is c(-17)?
-10
Let p(s) = -2*s**2 - 3*s + 19. Give p(4).
-25
Let z(g) = -g**3 - 7*g**2 - 3*g - 10. Give z(-7).
11
Let m(w) = 2*w**2 - 5*w - 6. Determine m(3).
-3
Let n(p) = -p**2 - 5*p + 9. What is n(-6)?
3
Let h(s) = s**3 - 23*s**2 + 2*s - 32. Determine h(23).
14
Let i(z) = -2*z**2 + 117*z + 62. What is i(59)?
3
Let h(u) = u**2 - 16*u + 8. Calculate h(12).
-40
Let c(j) = 4*j**2 + 127*j - 28. Determine c(-32).
4
Let j(d) = -d**3 - 9*d**2 + 8*d + 2. What is j(-10)?
22
Let w(y) = 13*y - 908. What is w(69)?
-11
Let h(z) = -z**3 + 16*z**2 + 225*z - 5. Give h(25).
-5
Let b(c) = -6*c + 21. Calculate b(3).
3
Let i(m) = -m**3 - 3*m**2 - 3*m + 1. Give i(-4).
29
Let p(k) = -2*k**2 - 7*k - 11. What is p(-4)?
-15
Let t(q) = -2*q + 56. Calculate t(0).
56
Let o(d) = -d + 2. What is o(-5)?
7
Let y(d) = -d**2 - 8*d - 3. Determine y(-4).
13
Let w(t) = t**3 + 7*t**2 - 6*t - 3. Give w(-8).
-19
Let a(y) = -y**3 - 17*y**2 - 66*y - 7. Give a(-7).
-35
Let a(z) = 21*z - 3. Determine a(-2).
-45
Let j(z) = z**3 + 6*z**2 - 11*z - 23. Give j(-7).
5
Let n(c) = -c - 5. Give n(-8).
3
Let c(q) = 3*q**2 - 47*q + 36. Determine c(15).
6
Let u(f) = -2*f**2 + 3*f. Give u(-4).
-44
Let k(h) = 41*h - 91. Give k(2).
-9
Let q(s) = -s**2 + 16*s - 35. Calculate q(3).
4
Let y(r) = -2*r + 5. Calculate y(-10).
25
Let j(v) = 2*v**2 + 4*v - 6. What is j(-4)?
10
Let q(x) = x**3 - 6*x**2 - 17*x + 3. Calculate q(8).
-5
Let o(c) = -3*c**2 + 2*c + 2. What is o(0)?
2
Let l(y) = -y**2 - y. Give l(-2).
-2
Let i(c) = -c**3 + 3*c**2 - 3*c + 11. What is i(5)?
-54
Let v(r) = -8*r - 10. What is v(6)?
-58
Let f(d) = -6*d**2 - 28*d + 6. What is f(-5)?
-4
Let j(b) = -16*b - 1. What is j(-4)?
63
Let c(m) = -38*m + 194. What is c(5)?
4
Let t(k) = k**2 - 19*k - 5. Give t(16).
-53
Let u(t) = t**3 - 5*t**2 + t + 2. Give u(4).
-10
Let u(p) = p**3 - 20*p**2 + 41. What is u(20)?
41
Let s(u) = u**2 - 13*u + 10. Calculate s(11).
-12
Let h(k) = -k**2 + 3*k + 6. Give h(6).
-12
Let t(y) = 4*y + 50. Determine t(-25).
-50
Let w(l) = -l**3 + 24*l**2 